1122 (base 4) to base 11.
-1282650
34351 (base 7) to base 9
13011
22732 (base 9) to base 7
62150
-44501164 (base 7) to base 13
-a4a076
Convert -123773 (base 10) to base 5.
-12430043
Convert 21133121 (base 7) to base 8.
6647616
-100000001010100100 (base 2) to base 16
-202a4
What is -111315 (base 12) in base 4?
-1002112001
What is 1505533 (base 7) in base 3?
101100101021
Convert 310011233 (base 4) to base 15.
4333e
What is 26653554 (base 8) in base 10?
5986156
What is 103103434 (base 5) in base 9?
742082
What is -1b4127 (base 14) in base 15?
-142d3c
Convert 5137162 (base 8) to base 4.
11023321302
What is -2452250 (base 8) in base 12?
-287974
Convert -d04b6 (base 16) to base 6.
-30141514
302202210 (base 4) to base 3
101111222010
Convert -1010101101001110001010 (base 2) to base 3.
-12021121000121
What is -15162767 (base 8) in base 6?
-202145423
What is -188c41 (base 14) in base 15?
-122978
-c954 (base 14) to base 15
-a47b
Convert -1232312314 (base 5) to base 3.
-12122221101212
100505123 (base 7) to base 13
129b006
Convert 31d60 (base 16) to base 12.
9a168
-e1f1 (base 16) to base 11
-3a503
Convert -1313143 (base 6) to base 8.
-214467
What is -61006 (base 9) in base 2?
-1001110010100101
Convert 13000142103 (base 5) to base 3.
1002102010120100
Convert 100010111010000000 (base 2) to base 6.
3021532
What is -22a46 (base 12) in base 14?
-12cbc
335676 (base 8) to base 12
558a6
What is -2101220020102 (base 3) in base 9?
-2356212
Convert 110341 (base 10) to base 16.
1af05
What is 2352353 (base 6) in base 7?
1023423
Convert -45572b5 (base 12) to base 5.
-11401214142
What is 223553 (base 7) in base 14?
1069a
Convert -92719 (base 10) to base 2.
-10110101000101111
-ab8317 (base 12) to base 6
-134310031
What is -39a124 (base 12) in base 2?
-11101000000100101100
What is 95b3a0 (base 13) in base 5?
1344243441
What is 7d59 (base 16) in base 5?
2011324
Convert -593907 (base 16) to base 6.
-325154503
What is -11513210 (base 7) in base 8?
-3731232
What is -112200121122121 (base 3) in base 12?
-2745867
255112345 (base 6) to base 7
60341414
What is 110110110100110000 (base 2) in base 9?
372031
What is 14114424 (base 6) in base 5?
110223111
What is 31112302 (base 4) in base 5?
3222311
What is -17324988 (base 10) in base 11?
-986357a
What is -5443435 (base 6) in base 11?
-175163
What is -1322061 (base 9) in base 5?
-141120343
What is 352021 (base 8) in base 12?
59415
Convert 40b02b (base 12) to base 13.
296927
357600 (base 10) to base 4
1113103200
Convert -13320041 (base 5) to base 16.
-211de
Convert 10011223101 (base 4) to base 9.
2013236
Convert 14414042 (base 6) to base 8.
1720212
613416 (base 8) to base 11
129170
97302 (base 10) to base 4
113300112
69a19 (base 12) to base 10
141429
What is -1020424123 (base 5) in base 16?
-20678f
Convert -881148 (base 9) to base 6.
-15133542
Convert -110001111101010010 (base 2) to base 5.
-23022001
101002111000222 (base 3) to base 12
19678bb
12323265 (base 7) to base 14
2105dc
What is 78644 (base 12) in base 15?
32597
What is 3273b (base 14) in base 10?
122161
Convert -1000110101110110000000101 (base 2) to base 16.
-11aec05
What is -220200100212 (base 3) in base 15?
-98e05
10111111110111011100111 (base 2) to base 6
342430503
What is 21774 (base 9) in base 7?
60142
6413018 (base 9) to base 12
119705b
234002431 (base 6) to base 11
2526509
Convert -362923 (base 11) to base 12.
-23875b
What is 2a56c3 (base 15) in base 6?
111444120
What is 1000011011000100100 (base 2) in base 5?
32313004
Convert 6a1d57 (base 14) to base 2.
1101110010111011011001
What is 1cb2ca (base 13) in base 4?
2310112020
What is 645831 (base 10) in base 2?
10011101101011000111
What is 229fd (base 16) in base 15?
2c04b
What is a12293 (base 12) in base 10?
2512911
7a0936 (base 14) to base 9
7725663
Convert -75366 (base 10) to base 11.
-51695
-5a895 (base 14) to base 7
-1610645
Convert a75a12 (base 11) to base 14.
32b1d9
What is 161510424 (base 7) in base 14?
1640114
Convert -120020201200120 (base 3) to base 16.
-7ba881
What is 2232000001 (base 5) in base 14?
92d10a
-387891 (base 10) to base 16
-5eb33
Convert -1033454153 (base 6) to base 4.
-222110332311
-90605a (base 14) to base 9
-10122442
Convert 3ad9b3 (base 14) to base 11.
1170105
-290058 (base 11) to base 14
-bb5dc
Convert 1110101110110010100 (base 2) to base 10.
482708
-4421231301 (base 5) to base 12
-3249769
What is 1001111100110110 (base 2) in base 6?
512410
25502 (base 7) to base 12
3ab8
What is 110000111000111 (base 2) in base 8?
60707
Convert -11011110110110111000110 (base 2) to base 3.
-111202000021121
Convert -8a700c (base 15) to base 14.
-c3d059
What is 1321423 (base 6) in base 4?
101303313
210222134 (base 5) to base 8
3235541
What is 286e0 (base 15) in base 9?
217053
13cb7c1 (base 14) to base 9
20115651
Convert -10d427 (base 14) to base 4.
-2030031223
Convert -2c643d (base 14) to base 13.
-4253c1
What is 101043300 (base 5) in base 2?
1100011111001110000
10211102121 (base 3) to base 11
51716
440221532 (base 6) to base 8
35761200
What is -59498 (base 13) in base 12?
-7a66b
-155cc (base 14) to base 6
-1050424
What is cce8b0 (base 15) in base 10?
9769215
40420012 (base 5) to base 16
4fa71
10132043 (base 5) to base 10
83398
211525541 (base 6) to base 3
21000102122121
Convert 1133213010 (base 4) to base 15.
7b080
-3612220 (base 8) to base 7
-11254232
What is 10242324302 (base 5) in base 13?
23491b1
41104024 (base 5) to base 2
1010000111111110100
408924 (base 13) to base 12
606663
Convert 224376 (base 9) to base 4.
200310300
What is -45bbb (base 14) in base 2?
-101001011011101001
Convert -11b84b1 (base 12) to base 5.
-1342234240
45020 (base 12) to base 2
10110010111011000
Convert 10001001000100110 (base 2) to base 14.
1b810
Convert -4397 (base 13) to base 7.
-36314
Convert c8dbd1 (base 15) to base 11.
5442678
Convert -673522 (base 9) to base 13.
-111482
Convert 3123223 (base 4) to base 10.
14059
3d6ac (base 15) to base 9
330530
Convert 1124445 (base 6) to base 13.
20573
Convert 1226485 (base 9) to base 15.
d2b5b
Convert -179962 (base 11) to base 16.
-438c2
-461920 (base 10) to base 5
-104240140
What is -367716 (base 9) in base 11?
-141a39
203388 (base 9) to base 4
131130200
What is -21938 (base 14) in base 13?
-2b07a
What is 2567765 (base 9) in base 5?
324400342
What is -34a6bb (base 12) in base 13?
-238b1a
-1ccd8 (base 15) to base 11
-64710
-30306 (base 11) to base 6
-541020
What is -6a48 (base 14) in base 11?
-12988
What is -414412420 (base 5) in base 16?
-1a3182
What is -146235 (base 9) in base 14?
-24a69
Convert -4a190 (base 15) to base 8.
-716102
Convert -18b180 (base 15) to base 9.
-2231553
d3b9b (base 14) to base 13
14b148
What is 332f (base 16) in base 5?
404403
Convert c95098 (base 15) to base 13.
1ca7aa9
-1293272 (base 10) to base 15
-1a82d2
Convert -245301 (base 9) to base 2.
-100100001100000111
What is -304220 (base 8) in base 14?
-288a4
156422 (base 10) to base 14
41010
1111001100011110000 (base 2) to base 9
837886
Convert -2402c74 (base 13) to base 2.
-101010100001000001011011
What is -101010011011110001011110 (base 2) in base 6?
-1034231034
Convert 211120212021011 (base 3) to base 10.
12003907
-716284 (base 12) to base 3
-10100002112101
What is 1345550 (base 10) in base 11?
839a28
What is 34300 (base 13) in base 5?
11014403
-d39440 (base 14) to base 4
-123031111100
Convert 1445022 (base 6) to base 3.
11021021112
What is 5541100 (base 7) in base 3?
1021122220111
625123 (base 12) to base 13
4205a6
What is 187133 (base 9) in base 8?
344017
2c0e19 (base 15) to base 16
207e10
-d652 (base 14) to base 5
-2140140
Convert 11001000001110100 (base 2) to base 15.
20596
82863 (base 9) to base 3
2202222010
What is -2012211 (base 5) in base 14?
-ba29
1cb91 (base 15) to base 14
26236
-12522721 (base 9) to base 4
-113132333212
10112011201 (base 3) to base 12
3419a
What is -377137 (base 8) in base 14?
-35887
What is 1037b (base 14) in base 16?
98c9
Convert 10535653 (base 8) to base 4.
20223232223
What is -10011001001101000000010 (base 2) in base 11?
-29197a4
Convert -aca1b1 (base 13) to base 15.
-558430
-12784 (base 16) to base 14
-1d7da
Convert 88dc52 (base 16) to base 14.
12969a2
-1332419 (base 10) to base 13
-37861a
Convert 1006036 (base 7) to base 16.
1d3b6
What is -2135022 (base 7) in base 15?
-52529
Conv